t i(x) = -2*x**3 - 28*x**2 + 439*x + 569. Determine i(-23).
-6
Let t(y) = 627*y - 11270. Calculate t(18).
16
Let j(m) = -3232*m - 6975. Give j(-2).
-511
Let x(s) = -s**3 + 47*s**2 + 834*s - 38922. Calculate x(47).
276
Let g(x) = -2*x**2 - 379*x + 7018. What is g(17)?
-3
Let a(k) = 103570*k - 4039234. Calculate a(39).
-4
Let n(d) = -5394*d + 873482. Calculate n(162).
-346
Let d(o) = o**3 + 487*o**2 - 1028*o - 24550. What is d(-489)?
-100
Let d(f) = 7*f**3 + 50*f**2 + 328*f + 18. What is d(-6)?
-1662
Let s(k) = k**3 + 15*k**2 + 720*k + 3918. Give s(-6).
-78
Let s(i) = -157*i**3 + 262*i + 526. What is s(-2)?
1258
Let x(j) = -3*j**2 + 240*j + 746. Determine x(83).
-1
Let l(j) = -2*j**2 - 70175*j - 1823201. Calculate l(-26).
-3
Let x(s) = 105*s**3 + 1048*s**2 + 47*s + 671. Determine x(-10).
1
Let y(g) = -g**3 + 41*g**2 - 351*g + 55. Calculate y(27).
784
Let b(o) = o**3 + 18*o**2 - 176*o - 61. Calculate b(-22).
1875
Let f(n) = -4010*n**2 - 16004*n + 151. Determine f(-4).
7
Let q(k) = -9*k**3 - 90*k**2 - 147*k + 17. Determine q(-8).
41
Let l(p) = p**3 - 20*p**2 - 9*p + 198. Calculate l(20).
18
Let m(j) = 168*j**3 - j**2 - 446*j - 447. Calculate m(-1).
-170
Let y(b) = 204*b**2 - 5716*b + 81. Give y(28).
-31
Let z(g) = 2*g**3 - 218*g**2 - 14*g + 1532. What is z(109)?
6
Let j(p) = p**3 + 185*p**2 + 731*p + 1251. Determine j(-181).
-16
Let u(t) = t**3 + 191*t**2 + 1391*t - 13435. Calculate u(-183).
-76
Let b(z) = -443*z - 2204. Calculate b(-5).
11
Let s(r) = 19939*r + 39863. Determine s(-2).
-15
Let u(d) = 3330*d - 136842. Determine u(41).
-312
Let x(w) = -352*w + 22607. What is x(64)?
79
Let a(y) = 54*y**2 + 11891*y + 124265. Calculate a(-11).
-2
Let r(m) = -129908*m - 3377614. Give r(-26).
-6
Let j(n) = -287*n + 1846. Give j(7).
-163
Let h(s) = 126379*s + 758001. Calculate h(-6).
-273
Let r(g) = -9*g**3 + 1688*g**2 - 933*g - 359. Determine r(187).
15
Let v(i) = 23665*i - 118141. What is v(5)?
184
Let g(w) = -683*w + 17944. Calculate g(26).
186
Let r(q) = -q**3 + 350*q**2 - 22527*q - 148. Determine r(265).
-678
Let n(a) = -a**3 - 10*a**2 + 62*a - 591. Determine n(9).
-1572
Let s(u) = 44*u**3 + 16*u**2 - 13*u + 87. Determine s(4).
3107
Let y(q) = -918*q + 6222. Determine y(7).
-204
Let h(a) = -2*a**2 - 116*a + 2817. What is h(-77)?
-109
Let y(r) = -r**2 + 334*r - 25218. Give y(112).
-354
Let l(w) = w**3 + 143*w**2 - 588*w - 63931. Calculate l(-144).
5
Let f(b) = -1815*b - 18210. Calculate f(-10).
-60
Let d(z) = -331*z - 12841. Give d(-37).
-594
Let r(k) = 358*k**2 - 1779*k - 66. Calculate r(5).
-11
Let s(c) = 43*c**3 - 7*c**2 - 134*c - 387. What is s(-3)?
-1209
Let d(u) = -5377*u - 80656. Determine d(-15).
-1
Let n(a) = a**3 + 18*a**2 - 63*a - 1462. Determine n(-9).
-166
Let k(v) = -v**3 + 234*v**2 - 9597*v + 681. Calculate k(181).
-43
Let v(n) = n**2 - 55*n - 3195. Determine v(87).
-411
Let w(f) = -3*f**3 + 48*f**2 - 3020*f + 52229. Give w(17).
22
Let d(k) = -7185*k + 58489. What is d(8)?
1009
Let k(m) = 5*m**2 - 13718*m + 150633. Give k(11).
340
Let d(h) = 165*h - 3396. Calculate d(32).
1884
Let b(d) = d**2 - 1683*d + 11738. Calculate b(7).
6
Let n(o) = 3*o**2 + 2597*o + 87311. Determine n(-35).
91
Let u(p) = 3*p**2 + 56*p - 5007. Determine u(-51).
-60
Let j(b) = -28*b**3 + 4*b**2 - 145*b + 392. Calculate j(3).
-763
Let s(d) = -12*d**2 + 1801*d + 49931. What is s(174)?
-7
Let p(c) = -1675*c + 5022. Determine p(3).
-3
Let a(n) = 3853*n - 108173. Determine a(28).
-289
Let p(i) = -2600*i - 18229. Determine p(-7).
-29
Let a(x) = x**3 + 452*x**2 + 43472*x - 11010. Determine a(-313).
-55
Let y(q) = 140*q**2 + 622*q + 73. Give y(-4).
-175
Let a(f) = 21*f**2 - 43*f + 286. Determine a(11).
2354
Let j(f) = -2*f**3 - 138*f**2 - 142*f - 265. Give j(-68).
143
Let c(n) = -347*n + 27422. Give c(79).
9
Let z(l) = 2*l**2 + 616*l + 11531. Calculate z(-20).
11
Let l(k) = 89528*k - 6804135. Determine l(76).
-7
Let n(m) = 21*m**2 + 381*m - 2745. Determine n(7).
951
Let d(g) = g**2 + 889*g + 120609. Give d(-167).
35
Let h(c) = -c**2 - 306*c + 17889. What is h(50)?
89
Let o(g) = -659*g**2 + 659*g - 44. Give o(2).
-1362
Let z(b) = -205*b - 2744. Determine z(-16).
536
Let x(f) = f**2 - 1258*f + 35539. What is x(29)?
-102
Let b(t) = t**2 + 126*t + 3811. Calculate b(-68).
-133
Let h(m) = 3854*m**3 - 15494*m**2 + 312*m. Determine h(4).
0
Let m(k) = k**3 + 273*k**2 - 6795*k + 3815. What is m(-296)?
-33
Let c(t) = t**3 + 384*t**2 - 522*t - 200443. What is c(-384)?
5
Let f(x) = -51686*x + 982049. Calculate f(19).
15
Let l(q) = 211*q**2 - 49585*q - 256. What is l(235)?
-256
Let o(q) = -42*q**2 + 800*q - 114. What is o(18)?
678
Let o(i) = -7895*i + 94723. Determine o(12).
-17
Let b(j) = 21522*j - 215219. Determine b(10).
1
Let q(g) = -g**3 - 3*g**2 - 3*g + 5. Give q(-5).
70
Let x(d) = d**3 + 450*d**2 + 1786*d + 879. Determine x(-446).
-13
Let g(c) = 2*c**2 + 867*c + 18915. Give g(-23).
32
Let s(f) = 9*f**2 - 2346*f - 72751. Calculate s(-28).
-7
Let w(y) = y**3 + 1728*y**2 + 23995*y - 28. What is w(-14)?
-14
Let z(j) = -j**3 + 214*j**2 - 200*j - 2822. Calculate z(213).
-53
Let g(s) = -s**3 - 97*s**2 - 365*s + 699. What is g(-93)?
48
Let j(t) = 5444*t + 435518. Determine j(-80).
-2
Let s(f) = f**3 - 30*f**2 + 297*f - 939. Determine s(7).
13
Let o(h) = 393459*h - 2360753. Give o(6).
1
Let w(z) = 11086*z + 44033. What is w(-4)?
-311
Let k(x) = 2*x**2 - 18436*x - 110649. Give k(-6).
39
Let r(j) = -3*j**3 + 216*j**2 + 205*j + 1014. Calculate r(73).
-8
Let b(w) = 57123*w - 114216. What is b(2)?
30
Let u(m) = -2*m**2 + 1632*m - 264524. Give u(593).
-46
Let l(v) = 6*v**3 + 7*v**2 - 62*v - 390. What is l(-7)?
-1671
Let u(v) = -v**2 + 283*v + 1659. Give u(-6).
-75
Let j(f) = -274*f + 115879. Determine j(423).
-23
Let t(x) = 50*x**2 - 8708*x - 17407. Determine t(-2).
209
Let u(j) = 22*j**2 - 889*j - 1562. Give u(42).
-92
Let i(q) = 426*q + 8167. Give i(-24).
-2057
Let z(u) = 3*u**3 + 33*u**2 + 94*u + 735. What is z(-10)?
95
Let q(t) = -129*t**2 - 579*t + 15. What is q(-5)?
-315
Let t(v) = -v**3 + 56*v**2 - 151*v - 34. Calculate t(53).
390
Let j(v) = 19*v**3 + 11*v**2 - 52*v + 64. What is j(3)?
520
Let c(q) = 1322*q + 124273. Calculate c(-94).
5
Let h(g) = -2062*g + 101074. Calculate h(49).
36
Let c(t) = 46*t**2 + 657*t - 3914. Calculate c(6).
1684
Let g(k) = -47*k**3 + 9*k**2 + 6*k - 6. Give g(-1).
44
Let i(j) = -j**2 + 47*j - 216. Determine i(41).
30
Let i(v) = 1578261*v - 3156523. Determine i(2).
-1
Let d(u) = u**3 + 251*u**2 + 719*u - 125704. Calculate d(-246).
2
Let x(k) = 2*k**3 - 560*k**2 + 20767*k + 226. Calculate x(236).
-10
Let k(s) = -2*s**2 - 4713*s - 102669. Give k(-22).
49
Let a(x) = -103*x + 627. Give a(23).
-1742
Let x(c) = 106*c - 4246. Calculate x(28).
-1278
Let y(r) = 6*r**3 + 212*r**2 + 798*r - 136. Calculate y(-31).
112
Let c(m) = -25*m**3 - 9*m**2 + 2*m - 47. Give c(6).
-5759
Let o(j) = -4262*j + 42533. What is o(10)?
-87
Let l(s) = -3*s**3 + 1670*s**2 - 1144*s + 17790. Give l(556).
-2
Let n(s) = 2*s**2 + 41001*s - 328146. Determine n(8).
-10
Let r(k) = 2*k**3 + 441*k**2 + 2395*k + 6320. What is r(-215)?
-130
Let y(m) = 118*m + 3931. Give y(-32).
155
Let b(q) = -q**3 + 123*q**2 - 12278*q + 1683710. Calculate b(129).
2
Let k(q) = -2*q**2 + 101*q + 1780. What is k(64)?
52
Let d(f) = -855*f - 40202. Determine d(-47).
-17
Let k(j) = -j**2 + 2154*j - 145871. Determine k(70).
9
Let c(k) = -2*k**3 - 426*k**2 + 15677*k - 742. Give c(-245).
-7
Let k(s) = s**3 - 55*s**2 - 125*s - 227. Determine k(57).
-854
Let q(m) = -132*m**2 + 459*m - 921. Calculate q(2).
-531
Let k(y) = 929*y - 3142. Give k(3).
-355
Let p(k) = -207*k + 15807. What is p(89)?
-2616
Let n(l) = -6*l**3 - 637*l**2 - 91*l + 1814. What is n(-106)?
224
Let w(h) = -h**3 - 18*h**2 + 4527*h + 72912. What is w(-16)?
-32
Let h(p) = 7*p**3 + 1673*p**2 - 3*p - 112. Give h(-239).
605
Let q(g) = g**2 - 9885*g + 1832545. Give q(189).
1
Let q(h) = h**2 + 136198*h + 1498052. What is q(-11)?
-5
Let q(y) = 3*y**2 + 254*y - 24425. Calculate q(-142).
-1
Let b(g) = g**3 + 24*g**2 - 99*g - 3496. Determine b(-16).
136
Let b(k) = -3*k**3 - 229*k**2 - 1331*k - 114361. Calculate b(-77).
-16
Let n(a) = -2*a**3 + 10*a**2 + 9525*a - 47635. Determine n(5).
-10
Let n(z) = 2*z**3 - 688*z**2 - 29*z + 10042. Determine n(344).
66
Let r(l) = -32*l**2